202
In base 8, what is -130231 - -12?
-130217
In base 11, what is -15 - 4194714?
-4194729
In base 14, what is 945 + -1654?
-b0d
In base 14, what is 10ccb + c60?
11b4b
In base 11, what is -1039 - 2506a6?
-251734
In base 7, what is -56261 - -60135?
544
In base 15, what is -2446527 - -1?
-2446526
In base 3, what is 11100201 - 1201020200?
-1112212222
In base 9, what is 4323 - 143326?
-138003
In base 11, what is -142670 - 1633?
-1441a3
In base 6, what is 1451534 - 245?
1451245
In base 16, what is 20 - 98d7a?
-98d5a
In base 3, what is 11210022 + -10120121112?
-10101211020
In base 7, what is -4 + 413036225?
413036221
In base 2, what is -10010000 - -101101010100010?
101101000010010
In base 9, what is -1330527 + -477?
-1331115
In base 2, what is 1001000101110 - 10101110101111110?
-10100101101010000
In base 10, what is 144 - -427964?
428108
In base 11, what is -77475 + -85a6?
-84a70
In base 16, what is 3 - -add2c6?
add2c9
In base 6, what is 5 + -21010204?
-21010155
In base 4, what is 1023303020 + 110?
1023303130
In base 14, what is 60 + -27683?
-27623
In base 13, what is 1 - 34aca74?
-34aca73
In base 6, what is -421134 - -5030?
-412104
In base 16, what is d01b3 - -18?
d01cb
In base 13, what is -3645 - 62682?
-65cc7
In base 10, what is 114 + 14321?
14435
In base 16, what is 1a3 - -6e9?
88c
In base 2, what is -1101110010101110000011 - -110?
-1101110010101101111101
In base 4, what is -1 + 1232020?
1232013
In base 6, what is -303354 + 114355?
-144555
In base 12, what is -1348 - 192a?
-3076
In base 16, what is -1e7438 - -84?
-1e73b4
In base 7, what is 4 - -1103003414?
1103003421
In base 3, what is 10021100020210 - 0?
10021100020210
In base 6, what is -124015435 - -21?
-124015414
In base 14, what is -6 - -148339?
148333
In base 7, what is 2550243 - -110?
2550353
In base 6, what is -1 - 33513413?
-33513414
In base 15, what is -66308b - 9?
-663095
In base 5, what is 4120431 + -12032?
4103344
In base 7, what is 150230 + 2530?
153060
In base 8, what is -12604 - -73702?
61076
In base 16, what is 4b - 634de5?
-634d9a
In base 13, what is 2619 - 14964?
-12348
In base 9, what is -6466 + -11075?
-17552
In base 2, what is 110 - -1110110110000010100111?
1110110110000010101101
In base 15, what is 86c - -8c2c?
9599
In base 16, what is 65f9f + -b?
65f94
In base 7, what is -4 - -12242446?
12242442
In base 6, what is 2 - -12410120?
12410122
In base 15, what is 36 + -3a015b?
-3a0125
In base 15, what is -7364c2 + -31?
-736503
In base 15, what is 8c + 3206d?
3210a
In base 15, what is -27474bd + -3?
-27474c1
In base 15, what is aeb2 + -304?
abad
In base 4, what is 23123002111023 + -2?
23123002111021
In base 7, what is 20 - -4252404?
4252424
In base 5, what is -23323332 + 31?
-23323301
In base 4, what is -3232 - -213223122?
213213230
In base 4, what is -20203100002 - -10?
-20203033332
In base 12, what is -403b + 24?
-4017
In base 8, what is -10354 - -3045?
-5307
In base 6, what is 1555002105 - 4?
1555002101
In base 15, what is -1131 - 39549?
-3a67a
In base 10, what is -81 - 146767?
-146848
In base 4, what is 3 - 1031200133?
-1031200130
In base 2, what is 0 + 11011101110000110101?
11011101110000110101
In base 9, what is -232 + -25443?
-25675
In base 12, what is -46 + 1b3b594?
1b3b54a
In base 16, what is -a5b2 + 6eb?
-9ec7
In base 4, what is -32 - -1230102230?
1230102132
In base 8, what is 270574 - 10600?
257774
In base 13, what is -1b2 + -152380?
-152562
In base 9, what is 171480 + -56?
171423
In base 5, what is -102 - -4244200?
4244043
In base 12, what is -87b - -64aa?
582b
In base 15, what is 6aad - -194c?
850a
In base 4, what is -31310322233 + -130?
-31310323023
In base 15, what is -13bb + -a7d5?
-bba1
In base 13, what is -12a + 4b5c0?
4b493
In base 13, what is 4 + 3527ca?
352801
In base 6, what is -1 - 200434545?
-200434550
In base 8, what is -72140026 + 0?
-72140026
In base 14, what is -5d24 - 29b?
-61c1
In base 10, what is 2019 - -6244?
8263
In base 10, what is 1461850 - 0?
1461850
In base 2, what is 1001010010101010111010111 + 1100?
1001010010101010111100011
In base 3, what is 22021000211 - 122010?
22020101201
In base 12, what is 171080 - -5?
171085
In base 4, what is 22 + 30103130202?
30103130230
In base 6, what is 1200503 + -4011?
1152452
In base 6, what is 2022002112 + 5?
2022002121
In base 13, what is -23 + 1844b7?
184494
In base 5, what is 102034 + -2201231?
-2044142
In base 5, what is -2120332 - 122140?
-2243022
In base 13, what is c6ba - a06?
b9b4
In base 2, what is 110100000101111011110110 + -1?
110100000101111011110101
In base 10, what is -1017 - -237243?
236226
In base 5, what is 142 - 144142?
-144000
In base 4, what is -20222301110321 - 10?
-20222301110331
In base 16, what is 34af6 - -3b?
34b31
In base 4, what is 110010 - -101230?
211300
In base 14, what is 52738c06 + -3?
52738c03
In base 13, what is -232452 - -12?
-232440
In base 3, what is 20202011021 + 220?
20202012011
In base 14, what is 2 - -376a01?
376a03
In base 12, what is -5174 + -1639?
-67b1
In base 14, what is 1a5c89 - 88?
1a5c01
In base 2, what is -1 - -10100110100011010001000?
10100110100011010000111
In base 14, what is 4425cb + 7?
4425d4
In base 16, what is -4 - 572bcf?
-572bd3
In base 2, what is 111011011101100001011111101 - 1?
111011011101100001011111100
In base 13, what is 2c - -573a8c1?
573a920
In base 5, what is 11011432 + 12031?
11024013
In base 11, what is 307aa16 + -1a?
307a9a7
In base 12, what is -163a48 - 13?
-163a5b
In base 13, what is -543 + -23ca?
-2940
In base 5, what is -4 + 211002333?
211002324
In base 7, what is 303254 - -50?
303334
In base 2, what is 110010011 - -1011001110010110?
1011010100101001
In base 10, what is -435126766 - -5?
-435126761
In base 9, what is 103110 + 150?
103260
In base 9, what is -60324 - 574?
-61008
In base 5, what is -33113211324 + 2?
-33113211322
In base 10, what is 5343 - -3120?
8463
In base 15, what is -1d0becc - 1?
-1d0becd
In base 3, what is 200 - -1100122120000?
1100122120200
In base 5, what is 41422 - 204420?
-112443
In base 15, what is -ac59b2 - 1?
-ac59b3
In base 5, what is -10201132 - 10334?
-10212021
In base 11, what is -18969 + 19?
-18950
In base 13, what is -5b8b721 + 5?
-5b8b719
In base 14, what is -6c1 + -bac1?
-c3a2
In base 9, what is 12527576 + 3?
12527580
In base 10, what is -531 - 12155?
-12686
In base 16, what is a - -2cf21f?
2cf229
In base 2, what is -11001111 + -1000000100010101?
-1000000111100100
In base 5, what is -243324231014 + -14?
-243324231033
In base 6, what is -203 - 10323314?
-10323521
In base 5, what is 4 + 4213220111?
4213220120
In base 6, what is 0 + -4033053324?
-4033053324
In base 10, what is -10 + 421760?
421750
In base 5, what is -1003132 - -4012?
-444120
In base 16, what is 7af + 226a2?
22e51
In base 14, what is 144db + 8b3?
14db0
In base 9, what is -23 + 1726762?
1726738
In base 16, what is -bdc - 61e1?
-6dbd
In base 13, what is -17249 + 7b?
-1719b
In base 15, what is -1d7 + 11ee21?
11ec39
In base 16, what is 2 - -34e11e7?
34e11e9
In base 7, what is -2 - -1030111311?
1030111306
In base 12, what is 215 - 60b21?
-60908
In base 12, what is -3a2285 - -60?
-3a2225
In base 5, what is -244014422 + -2003?
-244021430
In base 11, what is -21 + -6574147?
-6574168
In base 14, what is 84 + 3bc2?
3c66
In base 8, what is 1 - 113165614?
-113165613
In base 10, what is -863710 - -145?
-863565
In base 5, what is 42321122 + -12?
42321110
In base 14, what is 761b64 + 37?
761b9b
In base 5, what is -32011214112 + 1?
-32011214111
In base 8, what is -5776766 - -30?
-5776736
In base 4, what is -313 + -200230101?
-200231020
In base 2, what is -11011 - 1001010001011001100?
-1001010001011100111
In base 6, what is 1155125 - 34131?
1120554
In base 16, what is -66 + 8527?
84c1
In base 6, what is -2 - 11452040?
-11452042
In base 15, what is 33 - 10761e3?
-10761b0
In base 13, what is 28b + 3240c?
3269a
In base 13, what is ab02a32 + 2?
ab02a34
In base 13, what is 375cc + -5a?
37572
In base 10, what is 481380 - 1031?
480349
In base 5, what is 14223 + -14103141?
-14033413
In base 11, what is -3705a - 14?
-37073
In base 3, what is 0 - 1200000211202?
-1200000211202
In base 5, what is 20 - -3031130010?
3031130030
In base 10, what is -409767 + 41?
-409726
In base 7, what is 10 - -224016100?
224016110
In base 11, what is -289a557 + -3?
-289a55a
In base 3